{"id":24068,"date":"2024-10-04T14:04:49","date_gmt":"2024-10-04T12:04:49","guid":{"rendered":"https:\/\/www.eltono.com\/?page_id=24068"},"modified":"2024-10-05T14:35:35","modified_gmt":"2024-10-05T12:35:35","slug":"portraits-de-promenades","status":"publish","type":"page","link":"https:\/\/www.eltono.com\/en\/projects\/portraits-de-promenades\/","title":{"rendered":"Portraits of Walks"},"content":{"rendered":"<p><strong>Ongoing project<\/strong><br \/>\nBelv\u00e8s (P\u00e9rigord Noir), France, December 2023<br \/>\nP\u00e9cut (Creuse), France, January 2024<br \/>\nChirols (Ard\u00e8che), France, July 2024<\/p>\n<p><span lang=\"es-ES\">Work first exhibited at the <a href=\"https:\/\/swab.es\/\" target=\"_blank\" rel=\"noopener noreferrer\">SWAG art fair<\/a> in Barcelona<\/span><span lang=\"es-ES\"> with <a href=\"https:\/\/setespaidart.com\/en\/\" target=\"_blank\" rel=\"noopener noreferrer\">Set Espai d&#8217;Art<\/a> gallery<\/span><span lang=\"es-ES\"> in October 2024.<\/span><\/p>\n<p lang=\"es-ES\"><strong><i>Portraits of Walks (&#8220;<\/i><\/strong><span lang=\"es-ES\"><i><b>Portraits de promenades&#8221;, <\/b><\/i><\/span><strong><i>sensorial and subjective system of transcribing walks)<\/i><\/strong><\/p>\n<p><em>Portraits of Walks<\/em> is an experiment that continues my series around the idea of making art while walking. In most of my projects, I walk a lot. I practice walking for the sake of walking, not just to go from point A to point B. I realized that walking for the simple pleasure of it opens the door to contemplation. In <em>Portraits of Walks<\/em>, I try to emphasize this contemplation and be aware of my surroundings so that I can later transcribe my sensations into a work of art.<\/p>\n<p>To create a <em>portrait of a walk<\/em>, I write down notes about what I observe or feel during a walk, and once I\u2019m back in the studio, I compile that data to paint it into a picture.<\/p>\n<p>The experiment is based on an exercise I&#8217;ve been doing for some time, which involves stopping at any point during the day, observing my surroundings, and perceiving where I am and what\u2019s around me. It closely resembles a mindfulness technique, although it\u2019s something I\u2019ve always done intuitively, without knowing how to label it.<\/p>\n<p>The result is a visual representation of the experience of a walk. Each painting is unique and varies depending on the location, the season, the weather, and events&#8230; It\u2019s like I\u2019m making a landscape painting, but in motion: the portrait of a walk at a given moment.<\/p>\n<p><strong>The system:<\/strong><\/p>\n<p>A <em>portrait of a walk<\/em> works like this: I choose a looped walk with a certain number of segments (usually between 9 and 12) and I walk through those segments. What I call a segment is a portion of the walk between two points where I need to make a decision. That is, I walk, and when I reach an intersection, the segment ends, and the next one begins. I note down the data of the segment I just walked and prepare to start the next one.<\/p>\n<p><a href=\"https:\/\/www.eltono.com\/wp-content\/uploads\/2024\/10\/Eltono-PP-DiagramaEN.jpg\"><img loading=\"lazy\" decoding=\"async\" data-attachment-id=\"24110\" data-permalink=\"https:\/\/www.eltono.com\/en\/projects\/portraits-de-promenades\/diagrama-2\/\" data-orig-file=\"https:\/\/www.eltono.com\/wp-content\/uploads\/2024\/10\/Eltono-PP-DiagramaEN.jpg\" data-orig-size=\"1800,1114\" data-comments-opened=\"0\" data-image-meta=\"{&quot;aperture&quot;:&quot;0&quot;,&quot;credit&quot;:&quot;&quot;,&quot;camera&quot;:&quot;&quot;,&quot;caption&quot;:&quot;&quot;,&quot;created_timestamp&quot;:&quot;0&quot;,&quot;copyright&quot;:&quot;&quot;,&quot;focal_length&quot;:&quot;0&quot;,&quot;iso&quot;:&quot;0&quot;,&quot;shutter_speed&quot;:&quot;0&quot;,&quot;title&quot;:&quot;Diagrama&quot;,&quot;orientation&quot;:&quot;1&quot;}\" data-image-title=\"Diagrama\" data-image-description=\"\" data-image-caption=\"\" data-medium-file=\"https:\/\/www.eltono.com\/wp-content\/uploads\/2024\/10\/Eltono-PP-DiagramaEN-300x186.jpg\" data-large-file=\"https:\/\/www.eltono.com\/wp-content\/uploads\/2024\/10\/Eltono-PP-DiagramaEN-700x433.jpg\" class=\"alignleft wp-image-24110 size-medium\" src=\"https:\/\/www.eltono.com\/wp-content\/uploads\/2024\/10\/Eltono-PP-DiagramaEN-300x186.jpg\" alt=\"\" width=\"300\" height=\"186\" srcset=\"https:\/\/www.eltono.com\/wp-content\/uploads\/2024\/10\/Eltono-PP-DiagramaEN-300x186.jpg 300w, https:\/\/www.eltono.com\/wp-content\/uploads\/2024\/10\/Eltono-PP-DiagramaEN-700x433.jpg 700w, https:\/\/www.eltono.com\/wp-content\/uploads\/2024\/10\/Eltono-PP-DiagramaEN-1536x951.jpg 1536w, https:\/\/www.eltono.com\/wp-content\/uploads\/2024\/10\/Eltono-PP-DiagramaEN-825x510.jpg 825w, https:\/\/www.eltono.com\/wp-content\/uploads\/2024\/10\/Eltono-PP-DiagramaEN-350x217.jpg 350w, https:\/\/www.eltono.com\/wp-content\/uploads\/2024\/10\/Eltono-PP-DiagramaEN.jpg 1800w\" sizes=\"auto, (max-width: 300px) 100vw, 300px\" \/><\/a><\/p>\n<p>What I note down are subjective data about my appreciation of what I see, hear, smell, the dominant colors, the path\u2019s layout (its width, its color and boundaries), the state of the sky, and the presence of water. I also record if there were any particularly positive or negative events during that segment. For example, the scent of a blooming tree would be very positive in terms of smell, while a barking dog would be negative in terms of sound and perception. For sight, hearing, and smell, I assign scores on a scale of one to five, which are later translated into a color scale in the painting.<\/p>\n<p>At each stop, at the end of each segment, I collect all that data on a form. When I finish the walk, I compile the forms and, back in the studio, I interpret the recorded data to create the painting.<\/p>\n<p><strong>&nbsp;<\/strong><\/p>\n<p>ngg_shortcode_1_placeholder<\/p>","protected":false},"excerpt":{"rendered":"<p>Ongoing project Belv\u00e8s (P\u00e9rigord Noir), France, December 2023 P\u00e9cut (Creuse), France, January 2024 Chirols (Ard\u00e8che), France, July 2024 Work first exhibited at the SWAG art fair in Barcelona with Set Espai d&#8217;Art gallery in October 2024. Portraits of Walks (&#8220;Portraits de promenades&#8221;, sensorial and subjective system of transcribing walks) Portraits of Walks is an experiment &hellip; <a href=\"https:\/\/www.eltono.com\/en\/projects\/portraits-de-promenades\/\" class=\"more-link\">Continue reading <span class=\"screen-reader-text\">Portraits of Walks<\/span><\/a><\/p>\n","protected":false},"author":1,"featured_media":24097,"parent":5,"menu_order":0,"comment_status":"closed","ping_status":"closed","template":"","meta":{"ngg_post_thumbnail":0,"jetpack_post_was_ever_published":false,"footnotes":""},"categories":[362,334,4,287,273,266,272,7],"tags":[],"class_list":["post-24068","page","type-page","status-publish","has-post-thumbnail","hentry","category-362","category-destacados","category-inspiration","category-ongoing","category-page_artworks","category-page_outdoor","category-page_project","category-projects"],"jetpack_sharing_enabled":true,"jetpack_shortlink":"https:\/\/wp.me\/P7sWFx-6gc","_links":{"self":[{"href":"https:\/\/www.eltono.com\/en\/wp-json\/wp\/v2\/pages\/24068","targetHints":{"allow":["GET"]}}],"collection":[{"href":"https:\/\/www.eltono.com\/en\/wp-json\/wp\/v2\/pages"}],"about":[{"href":"https:\/\/www.eltono.com\/en\/wp-json\/wp\/v2\/types\/page"}],"author":[{"embeddable":true,"href":"https:\/\/www.eltono.com\/en\/wp-json\/wp\/v2\/users\/1"}],"replies":[{"embeddable":true,"href":"https:\/\/www.eltono.com\/en\/wp-json\/wp\/v2\/comments?post=24068"}],"version-history":[{"count":13,"href":"https:\/\/www.eltono.com\/en\/wp-json\/wp\/v2\/pages\/24068\/revisions"}],"predecessor-version":[{"id":24119,"href":"https:\/\/www.eltono.com\/en\/wp-json\/wp\/v2\/pages\/24068\/revisions\/24119"}],"up":[{"embeddable":true,"href":"https:\/\/www.eltono.com\/en\/wp-json\/wp\/v2\/pages\/5"}],"wp:featuredmedia":[{"embeddable":true,"href":"https:\/\/www.eltono.com\/en\/wp-json\/wp\/v2\/media\/24097"}],"wp:attachment":[{"href":"https:\/\/www.eltono.com\/en\/wp-json\/wp\/v2\/media?parent=24068"}],"wp:term":[{"taxonomy":"category","embeddable":true,"href":"https:\/\/www.eltono.com\/en\/wp-json\/wp\/v2\/categories?post=24068"},{"taxonomy":"post_tag","embeddable":true,"href":"https:\/\/www.eltono.com\/en\/wp-json\/wp\/v2\/tags?post=24068"}],"curies":[{"name":"wp","href":"https:\/\/api.w.org\/{rel}","templated":true}]}}

<p><strong>Ongoing project</strong><br />
Belvès (Périgord Noir), France, December 2023<br />
Pécut (Creuse), France, January 2024<br />
Chirols (Ardèche), France, July 2024</p>
<p><span lang="es-ES">Work first exhibited at the <a href="https://swab.es/" target="_blank" rel="noopener noreferrer">SWAG art fair</a> in Barcelona</span><span lang="es-ES"> with <a href="https://setespaidart.com/en/" target="_blank" rel="noopener noreferrer">Set Espai d&#8217;Art</a> gallery</span><span lang="es-ES"> in October 2024.</span></p>
<p lang="es-ES"><strong><i>Portraits of Walks (&#8220;</i></strong><span lang="es-ES"><i><b>Portraits de promenades&#8221;, </b></i></span><strong><i>sensorial and subjective system of transcribing walks)</i></strong></p>
<p><em>Portraits of Walks</em> is an experiment that continues my series around the idea of making art while walking. In most of my projects, I walk a lot. I practice walking for the sake of walking, not just to go from point A to point B. I realized that walking for the simple pleasure of it opens the door to contemplation. In <em>Portraits of Walks</em>, I try to emphasize this contemplation and be aware of my surroundings so that I can later transcribe my sensations into a work of art.</p>
<p>To create a <em>portrait of a walk</em>, I write down notes about what I observe or feel during a walk, and once I’m back in the studio, I compile that data to paint it into a picture.</p>
<p>The experiment is based on an exercise I&#8217;ve been doing for some time, which involves stopping at any point during the day, observing my surroundings, and perceiving where I am and what’s around me. It closely resembles a mindfulness technique, although it’s something I’ve always done intuitively, without knowing how to label it.</p>
<p>The result is a visual representation of the experience of a walk. Each painting is unique and varies depending on the location, the season, the weather, and events&#8230; It’s like I’m making a landscape painting, but in motion: the portrait of a walk at a given moment.</p>
<p><strong>The system:</strong></p>
<p>A <em>portrait of a walk</em> works like this: I choose a looped walk with a certain number of segments (usually between 9 and 12) and I walk through those segments. What I call a segment is a portion of the walk between two points where I need to make a decision. That is, I walk, and when I reach an intersection, the segment ends, and the next one begins. I note down the data of the segment I just walked and prepare to start the next one.</p>
<p><a href="https://www.eltono.com/wp-content/uploads/2024/10/Eltono-PP-DiagramaEN.jpg"><img loading="lazy" decoding="async" data-attachment-id="24110" data-permalink="https://www.eltono.com/en/projects/portraits-de-promenades/diagrama-2/" data-orig-file="https://www.eltono.com/wp-content/uploads/2024/10/Eltono-PP-DiagramaEN.jpg" data-orig-size="1800,1114" data-comments-opened="0" data-image-meta="{&quot;aperture&quot;:&quot;0&quot;,&quot;credit&quot;:&quot;&quot;,&quot;camera&quot;:&quot;&quot;,&quot;caption&quot;:&quot;&quot;,&quot;created_timestamp&quot;:&quot;0&quot;,&quot;copyright&quot;:&quot;&quot;,&quot;focal_length&quot;:&quot;0&quot;,&quot;iso&quot;:&quot;0&quot;,&quot;shutter_speed&quot;:&quot;0&quot;,&quot;title&quot;:&quot;Diagrama&quot;,&quot;orientation&quot;:&quot;1&quot;}" data-image-title="Diagrama" data-image-description="" data-image-caption="" data-medium-file="https://www.eltono.com/wp-content/uploads/2024/10/Eltono-PP-DiagramaEN-300x186.jpg" data-large-file="https://www.eltono.com/wp-content/uploads/2024/10/Eltono-PP-DiagramaEN-700x433.jpg" class="alignleft wp-image-24110 size-medium" src="https://www.eltono.com/wp-content/uploads/2024/10/Eltono-PP-DiagramaEN-300x186.jpg" alt="" width="300" height="186" srcset="https://www.eltono.com/wp-content/uploads/2024/10/Eltono-PP-DiagramaEN-300x186.jpg 300w, https://www.eltono.com/wp-content/uploads/2024/10/Eltono-PP-DiagramaEN-700x433.jpg 700w, https://www.eltono.com/wp-content/uploads/2024/10/Eltono-PP-DiagramaEN-1536x951.jpg 1536w, https://www.eltono.com/wp-content/uploads/2024/10/Eltono-PP-DiagramaEN-825x510.jpg 825w, https://www.eltono.com/wp-content/uploads/2024/10/Eltono-PP-DiagramaEN-350x217.jpg 350w, https://www.eltono.com/wp-content/uploads/2024/10/Eltono-PP-DiagramaEN.jpg 1800w" sizes="auto, (max-width: 300px) 100vw, 300px" /></a></p>
<p>What I note down are subjective data about my appreciation of what I see, hear, smell, the dominant colors, the path’s layout (its width, its color and boundaries), the state of the sky, and the presence of water. I also record if there were any particularly positive or negative events during that segment. For example, the scent of a blooming tree would be very positive in terms of smell, while a barking dog would be negative in terms of sound and perception. For sight, hearing, and smell, I assign scores on a scale of one to five, which are later translated into a color scale in the painting.</p>
<p>At each stop, at the end of each segment, I collect all that data on a form. When I finish the walk, I compile the forms and, back in the studio, I interpret the recorded data to create the painting.</p>
<p><strong>&nbsp;</strong></p>
<p>ngg_shortcode_1_placeholder</p>

<p>Ongoing project Belvès (Périgord Noir), France, December 2023 Pécut (Creuse), France, January 2024 Chirols (Ardèche), France, July 2024 Work first exhibited at the SWAG art fair in Barcelona with Set Espai d&#8217;Art gallery in October 2024. Portraits of Walks (&#8220;Portraits de promenades&#8221;, sensorial and subjective system of transcribing walks) Portraits of Walks is an experiment &hellip; <a href="https://www.eltono.com/en/projects/portraits-de-promenades/" class="more-link">Continue reading <span class="screen-reader-text">Portraits of Walks</span></a></p>
