{"id":24068,"date":"2024-10-04T14:04:49","date_gmt":"2024-10-04T12:04:49","guid":{"rendered":"https:\/\/www.eltono.com\/?page_id=24068"},"modified":"2024-10-05T14:35:35","modified_gmt":"2024-10-05T12:35:35","slug":"portraits-de-promenades","status":"publish","type":"page","link":"https:\/\/www.eltono.com\/es\/projects\/portraits-de-promenades\/","title":{"rendered":"Retratos de paseos"},"content":{"rendered":"<p><strong>Proyecto en curso<\/strong><br \/>\nBelv\u00e8s (P\u00e9rigord Noir), Francia, diciembre 2023<br \/>\nP\u00e9cut (Creuse), Francia, enero 2024<br \/>\nChirols (Ard\u00e8che), Francia, julio 2024<\/p>\n<p>Trabajo expuesto por primera vez en la <a href=\"https:\/\/swab.es\/\" target=\"_blank\" rel=\"noopener noreferrer\">feria de arte contempor\u00e1neo SWAG<\/a> en Barcelona con la galer\u00eda <a href=\"https:\/\/setespaidart.com\/en\/\" target=\"_blank\" rel=\"noopener noreferrer\">Set Espai d&#8217;Art<\/a> en octubre de 2024.<\/p>\n<p lang=\"es-ES\"><i><b>Retratos de paseos<\/b><\/i> (&#8220;Portraits de promenades&#8221;, sistema sensorial y subjetivo de transcripci\u00f3n de recorridos)<\/p>\n<p><i>Retratos de paseos<\/i> es un experimento que contin\u00faa mi serie alrededor de la idea de hacer arte caminando. En la mayor\u00eda de mis proyectos camino mucho. Practico el caminar por caminar, no solo para ir de un punto A a un punto B. Me di cuenta de que caminar por el simple hecho de caminar abre la puerta a la contemplaci\u00f3n. En <i>Retratos de paseos<\/i> intento enfatizar esa contemplaci\u00f3n y ser consciente de lo que me rodea para luego transcribir mis sensaciones en una obra.<\/p>\n<p>Para hacer un <i>retrato de paseo<\/i>, apunto datos de lo que observo o siento durante una caminata y, una vez de vuelta al taller, compilo esos datos para pintarlos en un cuadro.<\/p>\n<p>El experimento est\u00e1 basado en un ejercicio que llevo tiempo realizando, que consiste, en cualquier momento del d\u00eda, en detenerme, observar mi entorno y percibir d\u00f3nde estoy y qu\u00e9 me rodea. Se asemeja bastante a una t\u00e9cnica de plena conciencia, aunque es algo que siempre he hecho de manera intuitiva, sin saber c\u00f3mo denominarlo.<\/p>\n<p>El resultado es una representaci\u00f3n visual de lo que fue la experiencia de un paseo. Cada cuadro es distinto y var\u00eda seg\u00fan el lugar, la estaci\u00f3n, el clima y los eventos&#8230; Es como si hiciera pintura de paisaje, pero en movimiento: el retrato de un recorrido en un momento dado.<\/p>\n<p lang=\"es-ES\"><b>El sistema:<\/b><\/p>\n<p>Un <i>Retrato de paseo<\/i> funciona as\u00ed: elijo una caminata en bucle con un cierto n\u00famero de segmentos (normalmente entre 9 y 12) y camino por esos segmentos. Lo que llamo un segmento es un trozo del recorrido entre dos puntos donde debo tomar una decisi\u00f3n. Es decir, voy caminando y, en el momento en que me encuentro con una intersecci\u00f3n, se termina el segmento y empieza el siguiente. Registro los datos de ese segmento que acabo de caminar y me preparo para iniciar el siguiente.<\/p>\n<p><a href=\"https:\/\/www.eltono.com\/wp-content\/uploads\/2024\/10\/Eltono-PP-DiagramaES.jpg\"><img loading=\"lazy\" decoding=\"async\" data-attachment-id=\"24104\" data-permalink=\"https:\/\/www.eltono.com\/es\/projects\/portraits-de-promenades\/diagrama\/\" data-orig-file=\"https:\/\/www.eltono.com\/wp-content\/uploads\/2024\/10\/Eltono-PP-DiagramaES.jpg\" data-orig-size=\"1800,1114\" data-comments-opened=\"0\" data-image-meta=\"{&quot;aperture&quot;:&quot;0&quot;,&quot;credit&quot;:&quot;&quot;,&quot;camera&quot;:&quot;&quot;,&quot;caption&quot;:&quot;&quot;,&quot;created_timestamp&quot;:&quot;0&quot;,&quot;copyright&quot;:&quot;&quot;,&quot;focal_length&quot;:&quot;0&quot;,&quot;iso&quot;:&quot;0&quot;,&quot;shutter_speed&quot;:&quot;0&quot;,&quot;title&quot;:&quot;Diagrama&quot;,&quot;orientation&quot;:&quot;1&quot;}\" data-image-title=\"Diagrama\" data-image-description=\"\" data-image-caption=\"\" data-medium-file=\"https:\/\/www.eltono.com\/wp-content\/uploads\/2024\/10\/Eltono-PP-DiagramaES-300x186.jpg\" data-large-file=\"https:\/\/www.eltono.com\/wp-content\/uploads\/2024\/10\/Eltono-PP-DiagramaES-700x433.jpg\" class=\"alignleft size-medium wp-image-24104\" src=\"https:\/\/www.eltono.com\/wp-content\/uploads\/2024\/10\/Eltono-PP-DiagramaES-300x186.jpg\" alt=\"\" width=\"300\" height=\"186\" srcset=\"https:\/\/www.eltono.com\/wp-content\/uploads\/2024\/10\/Eltono-PP-DiagramaES-300x186.jpg 300w, https:\/\/www.eltono.com\/wp-content\/uploads\/2024\/10\/Eltono-PP-DiagramaES-700x433.jpg 700w, https:\/\/www.eltono.com\/wp-content\/uploads\/2024\/10\/Eltono-PP-DiagramaES-1536x951.jpg 1536w, https:\/\/www.eltono.com\/wp-content\/uploads\/2024\/10\/Eltono-PP-DiagramaES-825x510.jpg 825w, https:\/\/www.eltono.com\/wp-content\/uploads\/2024\/10\/Eltono-PP-DiagramaES-350x217.jpg 350w, https:\/\/www.eltono.com\/wp-content\/uploads\/2024\/10\/Eltono-PP-DiagramaES.jpg 1800w\" sizes=\"auto, (max-width: 300px) 100vw, 300px\" \/><\/a><\/p>\n<p>Lo que apunto son datos subjetivos sobre mi apreciaci\u00f3n de lo que veo, lo que oigo, lo que huelo, los colores dominantes, el trazado del camino (su anchura, su color y sus acotamientos), el estado del cielo y la presencia de agua. Tambi\u00e9n registro si, durante ese segmento, ocurrieron eventos muy positivos o muy negativos. Por ejemplo, el aroma de un \u00e1rbol en flor ser\u00eda muy positivo a nivel olfativo, mientras que un perro ladr\u00e1ndome ser\u00eda negativo en cuanto a sonido y percepci\u00f3n. Para la vista, el o\u00eddo y el olfato, asigno notas en una escala del uno al cinco que luego se traducen en una escala de colores en el cuadro.<\/p>\n<p>En cada parada, al final de cada segmento, apunto todos esos datos en una ficha. Cuando termino la caminata, compilo las fichas y, de vuelta al taller, interpreto los datos recogidos para crear el cuadro.<\/p>\n<p>&nbsp;<\/p>\n<p>ngg_shortcode_2_placeholder<\/p>","protected":false},"excerpt":{"rendered":"<p>Proyecto en curso Belv\u00e8s (P\u00e9rigord Noir), Francia, diciembre 2023 P\u00e9cut (Creuse), Francia, enero 2024 Chirols (Ard\u00e8che), Francia, julio 2024 Trabajo expuesto por primera vez en la feria de arte contempor\u00e1neo SWAG en Barcelona con la galer\u00eda Set Espai d&#8217;Art en octubre de 2024. Retratos de paseos (&#8220;Portraits de promenades&#8221;, sistema sensorial y subjetivo de transcripci\u00f3n &hellip; <a href=\"https:\/\/www.eltono.com\/es\/projects\/portraits-de-promenades\/\" class=\"more-link\">Continue reading <span class=\"screen-reader-text\">Retratos de paseos<\/span><\/a><\/p>\n","protected":false},"author":1,"featured_media":24097,"parent":5,"menu_order":0,"comment_status":"closed","ping_status":"closed","template":"","meta":{"ngg_post_thumbnail":0,"jetpack_post_was_ever_published":false,"footnotes":""},"categories":[362,334,4,287,273,266,272,7],"tags":[],"class_list":["post-24068","page","type-page","status-publish","has-post-thumbnail","hentry","category-362","category-destacados","category-inspiration","category-ongoing","category-page_artworks","category-page_outdoor","category-page_project","category-projects"],"jetpack_sharing_enabled":true,"jetpack_shortlink":"https:\/\/wp.me\/P7sWFx-6gc","_links":{"self":[{"href":"https:\/\/www.eltono.com\/es\/wp-json\/wp\/v2\/pages\/24068","targetHints":{"allow":["GET"]}}],"collection":[{"href":"https:\/\/www.eltono.com\/es\/wp-json\/wp\/v2\/pages"}],"about":[{"href":"https:\/\/www.eltono.com\/es\/wp-json\/wp\/v2\/types\/page"}],"author":[{"embeddable":true,"href":"https:\/\/www.eltono.com\/es\/wp-json\/wp\/v2\/users\/1"}],"replies":[{"embeddable":true,"href":"https:\/\/www.eltono.com\/es\/wp-json\/wp\/v2\/comments?post=24068"}],"version-history":[{"count":13,"href":"https:\/\/www.eltono.com\/es\/wp-json\/wp\/v2\/pages\/24068\/revisions"}],"predecessor-version":[{"id":24119,"href":"https:\/\/www.eltono.com\/es\/wp-json\/wp\/v2\/pages\/24068\/revisions\/24119"}],"up":[{"embeddable":true,"href":"https:\/\/www.eltono.com\/es\/wp-json\/wp\/v2\/pages\/5"}],"wp:featuredmedia":[{"embeddable":true,"href":"https:\/\/www.eltono.com\/es\/wp-json\/wp\/v2\/media\/24097"}],"wp:attachment":[{"href":"https:\/\/www.eltono.com\/es\/wp-json\/wp\/v2\/media?parent=24068"}],"wp:term":[{"taxonomy":"category","embeddable":true,"href":"https:\/\/www.eltono.com\/es\/wp-json\/wp\/v2\/categories?post=24068"},{"taxonomy":"post_tag","embeddable":true,"href":"https:\/\/www.eltono.com\/es\/wp-json\/wp\/v2\/tags?post=24068"}],"curies":[{"name":"wp","href":"https:\/\/api.w.org\/{rel}","templated":true}]}}

<p><strong>Proyecto en curso</strong><br />
Belvès (Périgord Noir), Francia, diciembre 2023<br />
Pécut (Creuse), Francia, enero 2024<br />
Chirols (Ardèche), Francia, julio 2024</p>
<p>Trabajo expuesto por primera vez en la <a href="https://swab.es/" target="_blank" rel="noopener noreferrer">feria de arte contemporáneo SWAG</a> en Barcelona con la galería <a href="https://setespaidart.com/en/" target="_blank" rel="noopener noreferrer">Set Espai d&#8217;Art</a> en octubre de 2024.</p>
<p lang="es-ES"><i><b>Retratos de paseos</b></i> (&#8220;Portraits de promenades&#8221;, sistema sensorial y subjetivo de transcripción de recorridos)</p>
<p><i>Retratos de paseos</i> es un experimento que continúa mi serie alrededor de la idea de hacer arte caminando. En la mayoría de mis proyectos camino mucho. Practico el caminar por caminar, no solo para ir de un punto A a un punto B. Me di cuenta de que caminar por el simple hecho de caminar abre la puerta a la contemplación. En <i>Retratos de paseos</i> intento enfatizar esa contemplación y ser consciente de lo que me rodea para luego transcribir mis sensaciones en una obra.</p>
<p>Para hacer un <i>retrato de paseo</i>, apunto datos de lo que observo o siento durante una caminata y, una vez de vuelta al taller, compilo esos datos para pintarlos en un cuadro.</p>
<p>El experimento está basado en un ejercicio que llevo tiempo realizando, que consiste, en cualquier momento del día, en detenerme, observar mi entorno y percibir dónde estoy y qué me rodea. Se asemeja bastante a una técnica de plena conciencia, aunque es algo que siempre he hecho de manera intuitiva, sin saber cómo denominarlo.</p>
<p>El resultado es una representación visual de lo que fue la experiencia de un paseo. Cada cuadro es distinto y varía según el lugar, la estación, el clima y los eventos&#8230; Es como si hiciera pintura de paisaje, pero en movimiento: el retrato de un recorrido en un momento dado.</p>
<p lang="es-ES"><b>El sistema:</b></p>
<p>Un <i>Retrato de paseo</i> funciona así: elijo una caminata en bucle con un cierto número de segmentos (normalmente entre 9 y 12) y camino por esos segmentos. Lo que llamo un segmento es un trozo del recorrido entre dos puntos donde debo tomar una decisión. Es decir, voy caminando y, en el momento en que me encuentro con una intersección, se termina el segmento y empieza el siguiente. Registro los datos de ese segmento que acabo de caminar y me preparo para iniciar el siguiente.</p>
<p><a href="https://www.eltono.com/wp-content/uploads/2024/10/Eltono-PP-DiagramaES.jpg"><img loading="lazy" decoding="async" data-attachment-id="24104" data-permalink="https://www.eltono.com/es/projects/portraits-de-promenades/diagrama/" data-orig-file="https://www.eltono.com/wp-content/uploads/2024/10/Eltono-PP-DiagramaES.jpg" data-orig-size="1800,1114" data-comments-opened="0" data-image-meta="{&quot;aperture&quot;:&quot;0&quot;,&quot;credit&quot;:&quot;&quot;,&quot;camera&quot;:&quot;&quot;,&quot;caption&quot;:&quot;&quot;,&quot;created_timestamp&quot;:&quot;0&quot;,&quot;copyright&quot;:&quot;&quot;,&quot;focal_length&quot;:&quot;0&quot;,&quot;iso&quot;:&quot;0&quot;,&quot;shutter_speed&quot;:&quot;0&quot;,&quot;title&quot;:&quot;Diagrama&quot;,&quot;orientation&quot;:&quot;1&quot;}" data-image-title="Diagrama" data-image-description="" data-image-caption="" data-medium-file="https://www.eltono.com/wp-content/uploads/2024/10/Eltono-PP-DiagramaES-300x186.jpg" data-large-file="https://www.eltono.com/wp-content/uploads/2024/10/Eltono-PP-DiagramaES-700x433.jpg" class="alignleft size-medium wp-image-24104" src="https://www.eltono.com/wp-content/uploads/2024/10/Eltono-PP-DiagramaES-300x186.jpg" alt="" width="300" height="186" srcset="https://www.eltono.com/wp-content/uploads/2024/10/Eltono-PP-DiagramaES-300x186.jpg 300w, https://www.eltono.com/wp-content/uploads/2024/10/Eltono-PP-DiagramaES-700x433.jpg 700w, https://www.eltono.com/wp-content/uploads/2024/10/Eltono-PP-DiagramaES-1536x951.jpg 1536w, https://www.eltono.com/wp-content/uploads/2024/10/Eltono-PP-DiagramaES-825x510.jpg 825w, https://www.eltono.com/wp-content/uploads/2024/10/Eltono-PP-DiagramaES-350x217.jpg 350w, https://www.eltono.com/wp-content/uploads/2024/10/Eltono-PP-DiagramaES.jpg 1800w" sizes="auto, (max-width: 300px) 100vw, 300px" /></a></p>
<p>Lo que apunto son datos subjetivos sobre mi apreciación de lo que veo, lo que oigo, lo que huelo, los colores dominantes, el trazado del camino (su anchura, su color y sus acotamientos), el estado del cielo y la presencia de agua. También registro si, durante ese segmento, ocurrieron eventos muy positivos o muy negativos. Por ejemplo, el aroma de un árbol en flor sería muy positivo a nivel olfativo, mientras que un perro ladrándome sería negativo en cuanto a sonido y percepción. Para la vista, el oído y el olfato, asigno notas en una escala del uno al cinco que luego se traducen en una escala de colores en el cuadro.</p>
<p>En cada parada, al final de cada segmento, apunto todos esos datos en una ficha. Cuando termino la caminata, compilo las fichas y, de vuelta al taller, interpreto los datos recogidos para crear el cuadro.</p>
<p>&nbsp;</p>
<p>ngg_shortcode_2_placeholder</p>

<p>Proyecto en curso Belvès (Périgord Noir), Francia, diciembre 2023 Pécut (Creuse), Francia, enero 2024 Chirols (Ardèche), Francia, julio 2024 Trabajo expuesto por primera vez en la feria de arte contemporáneo SWAG en Barcelona con la galería Set Espai d&#8217;Art en octubre de 2024. Retratos de paseos (&#8220;Portraits de promenades&#8221;, sistema sensorial y subjetivo de transcripción &hellip; <a href="https://www.eltono.com/es/projects/portraits-de-promenades/" class="more-link">Continue reading <span class="screen-reader-text">Retratos de paseos</span></a></p>
